8
b (base 14) to base 5
21
Convert 1 (base 4) to base 10.
1
What is 101 (base 2) in base 16?
5
-1 (base 2) to base 10
-1
What is 134 (base 8) in base 6?
232
What is -343 (base 7) in base 14?
-ca
-11 (base 2) to base 11
-3
What is 14 (base 6) in base 13?
a
Convert -2 (base 10) to base 3.
-2
What is -2023 (base 4) in base 15?
-94
340 (base 5) to base 13
74
What is 10 (base 7) in base 9?
7
What is e8 (base 15) in base 11?
189
0 (base 10) to base 3
0
What is 13 (base 13) in base 4?
100
-5 (base 15) to base 5
-10
-12 (base 6) to base 13
-8
Convert -69 (base 10) to base 12.
-59
3 (base 12) to base 8
3
What is 22 (base 3) in base 4?
20
-10 (base 3) to base 13
-3
What is 1101101 (base 2) in base 9?
131
What is -4 (base 10) in base 7?
-4
Convert 1001 (base 2) to base 3.
100
Convert -2 (base 14) to base 7.
-2
-1 (base 4) to base 7
-1
Convert 1101 (base 2) to base 11.
12
Convert -1 (base 10) to base 8.
-1
-102 (base 9) to base 15
-58
What is -2 (base 9) in base 10?
-2
Convert -154 (base 11) to base 4.
-2310
Convert 133 (base 13) to base 2.
11010011
What is 1c (base 14) in base 2?
11010
Convert 7 (base 16) to base 13.
7
Convert 15 (base 10) to base 2.
1111
What is 2 (base 4) in base 6?
2
-2 (base 8) to base 5
-2
Convert -12 (base 14) to base 4.
-100
Convert 71 (base 10) to base 15.
4b
-b (base 12) to base 9
-12
-56 (base 9) to base 16
-33
Convert -131 (base 9) to base 6.
-301
Convert -88 (base 11) to base 3.
-10120
Convert -4 (base 5) to base 2.
-100
8 (base 16) to base 5
13
Convert 100001 (base 2) to base 14.
25
What is 4 (base 14) in base 8?
4
Convert 7 (base 14) to base 8.
7
What is 103 (base 5) in base 13?
22
Convert 0 (base 16) to base 3.
0
Convert -111 (base 3) to base 16.
-d
-1100 (base 2) to base 13
-c
2 (base 5) to base 13
2
What is -34 (base 13) in base 14?
-31
Convert -11 (base 13) to base 5.
-24
-7 (base 15) to base 13
-7
Convert -d (base 16) to base 14.
-d
What is -46 (base 11) in base 7?
-101
Convert -22 (base 4) to base 9.
-11
-1 (base 3) to base 14
-1
What is -22112 (base 3) in base 9?
-275
0 (base 8) to base 14
0
-1 (base 6) to base 11
-1
What is 1341 (base 5) in base 7?
434
2203 (base 4) to base 8
243
Convert -72 (base 10) to base 15.
-4c
What is 35 (base 10) in base 3?
1022
What is 1c (base 13) in base 16?
19
Convert 434 (base 6) to base 16.
a6
What is -24 (base 8) in base 3?
-202
What is 0 (base 6) in base 3?
0
-4 (base 14) to base 2
-100
-4 (base 16) to base 6
-4
What is 3 (base 5) in base 10?
3
Convert -5 (base 13) to base 12.
-5
2 (base 13) to base 16
2
What is 3 (base 4) in base 10?
3
What is -20 (base 11) in base 15?
-17
What is 36 (base 15) in base 7?
102
What is 6 (base 11) in base 5?
11
6 (base 16) to base 5
11
9 (base 11) to base 15
9
What is 4 (base 9) in base 7?
4
Convert 4 (base 12) to base 4.
10
Convert -12 (base 15) to base 2.
-10001
What is -1344 (base 6) in base 4?
-11200
Convert 1 (base 13) to base 3.
1
Convert 68 (base 13) to base 10.
86
50 (base 9) to base 5
140
Convert -10 (base 2) to base 15.
-2
-35 (base 12) to base 15
-2b
1 (base 15) to base 4
1
What is -60 (base 11) in base 5?
-231
What is 10 (base 4) in base 2?
100
What is -12 (base 3) in base 15?
-5
-10 (base 16) to base 8
-20
What is 10 (base 12) in base 3?
110
1 (base 2) to base 10
1
Convert 15 (base 6) to base 14.
b
What is 3 (base 14) in base 4?
3
Convert -54 (base 14) to base 11.
-68
-4 (base 5) to base 15
-4
What is -24 (base 12) in base 3?
-1001
6 (base 7) to base 14
6
552 (base 7) to base 3
101110
-1 (base 3) to base 16
-1
Convert 1 (base 3) to base 10.
1
Convert 113 (base 4) to base 9.
25
What is 11 (base 2) in base 9?
3
What is -10 (base 2) in base 7?
-2
2 (base 16) to base 7
2
Convert 1 (base 3) to base 11.
1
Convert 20 (base 6) to base 16.
c
Convert -252 (base 6) to base 16.
-68
What is -23 (base 5) in base 16?
-d
2d (base 15) to base 4
223
Convert -3 (base 5) to base 3.
-10
Convert -1 (base 16) to base 5.
-1
Convert -29 (base 10) to base 13.
-23
Convert 45 (base 12) to base 7.
104
Convert 7a (base 13) to base 12.
85
Convert -11 (base 3) to base 15.
-4
What is 0 (base 4) in base 16?
0
Convert 3 (base 13) to base 16.
3
Convert 3 (base 15) to base 3.
10
What is 7 (base 16) in base 5?
12
Convert 0 (base 5) to base 10.
0
27 (base 14) to base 11
32
Convert 155 (base 6) to base 4.
1013
What is -50 (base 12) in base 13?
-48
212 (base 5) to base 9
63
Convert 101 (base 2) to base 8.
5
What is -230 (base 5) in base 14?
-49
Convert -100020 (base 3) to base 14.
-13b
Convert 1a (base 15) to base 5.
100
What is -350 (base 6) in base 8?
-212
Convert 13 (base 4) to base 15.
7
3 (base 14) to base 8
3
16 (base 10) to base 8
20
What is -3 (base 5) in base 15?
-3
What is -5 (base 11) in base 7?
-5
-3 (base 14) to base 12
-3
What is -1 (base 14) in base 2?
-1
Convert -1e (base 16) to base 2.
-11110
What is -143 (base 6) in base 16?
-3f
-17b (base 13) to base 10
-271
What is 20 (base 4) in base 12?
8
Convert -3133 (base 4) to base 11.
-193
102 (base 4) to base 14
14
What is 68 (base 10) in base 13?
53
Convert 100 (base 2) to base 3.
11
-5 (base 11) to base 15
-5
What is -7 (base 16) in base 14?
-7
Convert -5 (base 15) to base 2.
-101
-3 (base 11) to base 8
-3
Convert -103 (base 12) to base 13.
-b4
0 (base 16) to base 9
0
What is -30 (base 7) in base 5?
-41
What is -221 (base 6) in base 4?
-1111
What is -d (base 14) in base 5?
-23
Convert -18 (base 15) to base 7.
-32
Convert d4 (base 15) to base 10.
199
Convert -1 (base 11) to base 9.
-1
Convert -54 (base 7) to base 6.
-103
Convert 2 (base 13) to base 6.
2
Convert -40 (base 5) to base 12.
-18
What is 10110100 (base 2) in base 16?
b4
What is -103 (base 4) in base 16?
-13
What is 0 (base 16) in base 4?
0
What is 2 (base 4) in base 15?
2
Convert 265 (base 8) to base 13.
10c
101111 (base 2) to base 4
233
What is 0 (base 6) in base 5?
0
Convert -1021 (base 4) to base 3.
-2201
What is 9 (base 11) in base 5?
14
Convert 11 (base 4) to base 5.
10
Convert -5 (base 11) to base 9.
-5
What is -1 (base 9) in base 16?
-1
10 (base 5) to base 2
101
Convert 210 (base 4) to base 11.
33
Convert -3 (base 13) to base 11.
-3
Convert -1065 (base 7) to base 9.
-473
2110 (base 3) to base 4
1002
Convert 1a (base 11) to base 7.
30
Convert -7 (base 10) to base 3.
-21
What is -17 (base 13) in base 15?
-15
-39 (base 12) to base 2
-101101
-32 (base 4) to base 12
-12
What is 6 (base 8) in base 5?
11
-5e (base 16) to base 12
-7a
Convert -3 (base 15) to base 10.
-3
What is 100101010 (base 2) in base 16?
12a
-83 (base 13) to base 9
-128
Convert 3 (base 5) to base 3.
10
What is -1202 (base 4) in base 15?
-68
132 (base 7) to base 4
1020
What is a9 (base 11) in base 4?
1313
1 (base 4) to base 2
1
Convert -113 (base 6) to base 11.
-41
What is 12 (base 8) in base 7?
13
What is 141 (base 6) in base 10?
61
5 (base 7) to base 5
10
What is -13 (base 12) in base 16?
-f
Convert -1 (base 14) to base 7.
-1
Convert -233 (base 4) to base 7.
-65
Convert -e (base 15) to base 4.
-32
102 (base 5) to base 12
23
Convert 0 (base 14) to base 12.
0
What is -23 (base 10) in base 12?
-1b
12 (base 7) to base 8
11
Convert 5 (base 15) to base 6.
5
What is 17 (base 8) in base 16?
f
Convert 1 (base 12) to base 15.
1
-1 (base 5) to base 4
-1
3 (base 14) to base 6
3
Convert 2 (base 5) to base 14.
2
-12 (base 5) to base 15
-7
2b (base 15) to base 7
56
Convert 4 (base 5) to base 4.
10
Convert 3 (base 9) to base 8.
3
What is -1 (base 4) in base 2?
-1
Convert -10 (base 2) to base 6.
-2
-48 (base 16) to base 3
-2200
Convert -10 (base 12) to base 2.
-1100
-240 (base 8) to base 4
-2200
Convert 1b (base 12) to base 3.
212
Convert -112 (base 3) to base 4.
-32
Convert 10 (base 5) to base 8.
5
Convert 22 (base 4) to base 11.
a
Convert 38 (base 9) to base 14.
27
What is -16 (base 12) in base 9?
-20
Convert 4 (base 11) to base 15.
4
What is 5 (base 7) in base 13?
5
Convert 92 (base 13) to base 14.
87
-7 (base 13) to base 8
-7
-3 (base 13) to base 8
-3
3 (base 13) to base 8
3
15 (base 8) to base 16
d
1 (base 10) to base 2
1
-23 (base 15) to base 12
-29
-2 (base 6) to base 12
-2
Convert -145 (base 7) to base 16.
-52
What is 1a (base 12) in base 15?
17
What is 1321 (base 4) in base 11?
100
Convert -20 (base 4) to base 9.
-8
10000 (base 2) to base 5
31
What is 12 (base 13) in base 15?
10
-65 (base 9)